((-36)/21).
3
Suppose -j - 5 = 5*v - 20, 0 = 4*v - 4*j - 12. Let f be (12/9)/(2/27). Let p = f - v. Calculate the remainder when p is divided by 9.
6
Let h(b) be the first derivative of 7*b**2/2 + 4*b + 8. What is the remainder when h(7) is divided by 11?
9
Suppose 23*n = 19*n + 28. Let t(c) = 6*c + c - 4 - 8*c. What is the remainder when n is divided by t(-9)?
2
Suppose 2*d + 0*d - 2*z - 10 = 0, -d = -5*z - 1. Calculate the remainder when 25 is divided by ((-9)/d)/(2/24*-2).
7
Let r = 731 - 719. Let n(t) = 2*t**3 + t**2 - 3*t + 2. Let c be n(2). Let a = c - r. Calculate the remainder when a is divided by 3.
1
Suppose -3*p + 9 = 0, -2*f + 33 = 3*f + p. Suppose -4 = -l + 6. Let s = l + 13. Calculate the remainder when s is divided by f.
5
Let a(g) = 4*g**2 - 171*g - 97. What is the remainder when a(44) is divided by 18?
15
Suppose 0 = -2*z - 2*y + 26, 3*z - 46 = -z - 2*y. Suppose -z*b = -5*b + 15. Calculate the remainder when 43 is divided by 1*(-11)/3*b.
10
Suppose -4*q - 2*q + 30 = 0. Suppose -q*f = -2*w - 50, -4*w + 7*w = 0. Calculate the remainder when 21 is divided by f.
1
Let y = -188 - -648. Suppose u + 187 = y. Calculate the remainder when u is divided by 46.
43
What is the remainder when (-5)/(2/(-4)*(-2)/(-6)) is divided by 13?
4
Suppose q - k + 2*k = 15, -q + k = -17. What is the remainder when ((-4)/(-6))/((-14)/(-4557)*7) is divided by q?
15
Let z(o) = -2*o**3 + 64*o**2 - 62*o + 38. What is the remainder when 112 is divided by z(31)?
36
Let t = -131 + 133. Suppose -3*d + 75 = t*l, 2*d - 3*l = -d + 75. What is the remainder when d is divided by 7?
4
Let f = 224 - 189. Calculate the remainder when 64 is divided by f.
29
Let w(c) = -c**3 + 2*c**2 + 4*c. Let i be w(3). Let o(m) = -1 - 12*m - m - i + 3. Calculate the remainder when 33 is divided by o(-1).
9
Let q = 41 + -37. Suppose 2*l + 3*d = 0, 3*d - q*d + 13 = 5*l. What is the remainder when 3 is divided by l?
0
Let a(c) = -c**2 - 4*c + 4. Let y be a(-4). Let j(d) = d**3 - 5*d + 7. Let v be j(y). What is the remainder when 73 is divided by 244/10 + v/85?
23
Calculate the remainder when (((-20)/15)/((-1)/126))/1 is divided by 19.
16
Suppose -2*w - 2*k + 19 = 9, -2*w + 5*k = -24. Let l(m) = -m**3 - m**2 - m + 20. What is the remainder when l(0) is divided by w?
6
Let q = -114 - -137. Suppose 2*x - 52 = -2*x. What is the remainder when q is divided by x?
10
Suppose 3*a + 0*a - 12 = 0. Let s = 52 - 23. Suppose -5*r = -3*b + s, 0*b + a*r - 21 = -b. What is the remainder when b is divided by 5?
3
Let i(h) = -h**2 - 20*h + 72. What is the remainder when 20 is divided by i(-23)?
2
Let k = -54 + 35. Let f = k - -67. What is the remainder when f is divided by 17?
14
What is the remainder when 415/105 + (-5)/(-105) is divided by 2*2/4 + 2?
1
Let j = 2 + 11. Let d = 19 - j. Suppose -4*a + c = -73, 5*c - 43 = -d*a + 2*a. What is the remainder when 47 is divided by a?
13
Let i = -235 - -239. Let n(p) = -p**2 - 8*p + 6. Let s be n(-7). Let v = 14 - s. What is the remainder when i is divided by v?
0
Let x(o) = o - 8. Let j be x(4). Let w be 12/(-10)*10/j. Suppose -c - 138 = -w*c. Calculate the remainder when c is divided by 18.
15
Suppose -4*q = -g - 0*g - 11, 2*q - 10 = 2*g. Suppose 0*o - 2*o - 8 = 0, q*s = 4*o + 56. What is the remainder when s is divided by 8?
4
Suppose -2*g + 8 = -0. Suppose h - 2 + 93 = 4*o, 0 = -g*o - 2*h + 106. What is the remainder when 94 is divided by o?
22
Let a(k) = k**3 + 6*k**2 + 11*k + 17. What is the remainder when 7 is divided by a(-4)?
2
Let l(i) = 15*i**2 + 27*i + 6. Calculate the remainder when 189 is divided by l(-3).
9
Let u(j) = j**3 + 5*j**2 - 3*j - 10. Let v be u(-5). Suppose -47 = -2*q + 3*h, v*q + 2*h - 3*h - 124 = 0. Calculate the remainder when 98 is divided by q.
23
Suppose i = -0 + 4. Suppose -4*u + 47 - 7 = 3*t, t = -i. Calculate the remainder when u is divided by 6.
1
Let q(f) = -f**2 - 9*f + 2. Let g be q(-9). Let w(i) = 7*i**2 + 0*i**g + 4*i**2 - 11*i + i**3 - i**2 + 4. What is the remainder when 7 is divided by w(-11)?
3
What is the remainder when 255 is divided by (-12 - (-1375)/66) + 5/(-6)?
7
Let x be 6 + -1 - 1 - -14. Calculate the remainder when 15 is divided by x/5 - 30/(-75).
3
Suppose o + 6 - 25 = 0. Calculate the remainder when 21 is divided by o.
2
Let p = 304 - 279. What is the remainder when 223 is divided by p?
23
Suppose -p + j + 17 = 0, p - j + 6*j - 35 = 0. Let k(r) = 2*r**2 + 17*r - 6. What is the remainder when k(-12) is divided by p?
18
Suppose 4*y - 1124 = -4*s, -y = 3*y + 5*s - 1128. Suppose -11*q + y + 163 = 0. Calculate the remainder when 156 is divided by q.
36
Suppose 46 = 2*j + 2*u, -u - 107 = -26*j + 22*j. What is the remainder when 113 is divided by j?
9
Suppose -3*f + 2*f + 3 = 0. Let g = 6 - f. Suppose g*x = 26 + 19. What is the remainder when 57 is divided by x?
12
Suppose -3*l - 34 = 3*j - 133, 5 = 5*j. Let g = -17 + l. Suppose 2*f - 232 = -2*f. Calculate the remainder when f is divided by g.
13
Let m = 1 + 4. Suppose -m*h + 230 = 3*z, 5*h = 4*z - 9*z + 220. Suppose -6*d + 14*d - 104 = 0. What is the remainder when h is divided by d?
10
Let k(v) = -3*v + 366. What is the remainder when k(-47) is divided by 5?
2
Let m(l) = -8*l + 21. Let d(h) = -4*h + 10. Let a(u) = 5*d(u) - 3*m(u). Let s be a(10). Suppose q = -8 + s. Calculate the remainder when q is divided by 5.
4
Let d = 236 + -9. Calculate the remainder when d is divided by 47.
39
Suppose -5*w - 3*z = -561, 0*w - 5*z = -w + 101. Suppose 0 = 28*o - 31*o + w. Let i = -22 - -42. Calculate the remainder when o is divided by i.
17
Calculate the remainder when (-45)/(-5) - (-477)/9 is divided by 38.
24
Let m = 136 + -114. Calculate the remainder when 58 is divided by m.
14
Suppose 5*f + 5*x - 17 = 4*x, -2*x - 5 = -3*f. Suppose n = f*n - 36. What is the remainder when n is divided by 6/(-8)*(11 - (-530)/(-30))?
3
Let f(t) = -t - 1. Suppose -3*b - 3 = 9. Let j be f(b). Suppose 81 = -0*x + j*x. Calculate the remainder when x is divided by 7.
6
Let m(k) = k**3 + 12*k**2 - 25*k + 71. Calculate the remainder when 171 is divided by m(-14).
26
Let n(t) = -t**3 - 34*t**2 - 3*t - 90. Suppose 3*w = 38 + 136. Calculate the remainder when w is divided by n(-34).
10
What is the remainder when -9 + 3 + 278 + -3 is divided by 74?
47
What is the remainder when (26/(-7))/(11/(-1232)) is divided by 11?
9
Let p = -86 + 50. Let c be ((-72)/(-15))/(-2)*-30. Let t = c + p. Calculate the remainder when t is divided by 13.
10
What is the remainder when 1/(7/245) - -9 is divided by 22 + 1 + (3 - 3)?
21
Suppose 3*s + 15 = -2*s, 2*i = -s + 49. Suppose 32 = -5*j + 122. Suppose c + j = 3*c. Calculate the remainder when i is divided by c.
8
Let f be 2 - (9/6)/(1/(-2)). Suppose 5*i - 55 = -5*u, -f*i + 68 = u + 9. Let s = -7 - -14. What is the remainder when i is divided by s?
5
Suppose 2*a = 49 - 7. Suppose 2*p + 2*z = 116, 0*z = p - 6*z - 72. What is the remainder when p is divided by a?
18
Suppose -3*m - 3 + 4 = -2*l, 4*m + l = 16. Let p(c) = 2*c + 5. What is the remainder when 21 is divided by p(m)?
10
Suppose 5*i = -2*h + 546, -222*i + 223*i + 266 = h. Calculate the remainder when h is divided by 91.
86
Let w(g) = -6*g - 49. Let v be w(-10). Suppose -3*t - 25 = -l, 5*t + 40 = l + v. Let a(o) = 5*o**2 + o - 4. Calculate the remainder when a(-4) is divided by l.
15
Let h be (-1)/(3/(-9)) - (-3 - 26). Suppose 4*c = -z + 32, 5*c - h = -z + 9. Calculate the remainder when 34 is divided by c.
7
Let n(c) = -c**3 + 8*c**2 + 13*c - 3. Let f be 3*2/4 + 42/12. What is the remainder when n(f) is divided by 35?
32
Let q(z) = -7*z - 199. What is the remainder when (-75)/(-7) + (-4)/(-14) is divided by q(-29)?
3
What is the remainder when 47 + (-8 - -4 - -2) is divided by 8?
5
What is the remainder when (-1 + -5)/6*-229 is divided by 33?
31
Suppose 97 = 7*s - 78. Let y = 62 - -35. Calculate the remainder when y is divided by s.
22
Let v = 590 + -559. What is the remainder when 113 is divided by v?
20
Let i = 1961 - 1873. What is the remainder when 218 is divided by i?
42
Suppose y + 0*y + 2*u = -6, -y + 19 = -3*u. Suppose -x = y*x + 205. Calculate the remainder when (-9)/9 - x*1 is divided by 14.
12
Suppose 0 = 4*b - 2*l - 146, 5*b - 109 = 4*l + 78. What is the remainder when 522 is divided by b?
32
Let 